2089985
What is -40446 (base 11) in base 2?
-1110011011011010
What is 30323010 (base 4) in base 6?
1045020
What is 10000101000101011 (base 2) in base 13?
25026
1623631 (base 9) to base 7
10443310
What is 121541 (base 6) in base 13?
4bac
What is 26352246 (base 8) in base 3?
102002002122022
What is -1881153 (base 9) in base 3?
-1222201011210
What is 24832 (base 16) in base 8?
444062
What is -455426 (base 7) in base 11?
-55a86
What is 1111210102210 (base 3) in base 8?
3040203
-2102200222211 (base 3) to base 7
-13664245
Convert -33562c (base 16) to base 12.
-1162ba4
What is 324030125 (base 6) in base 15?
795525
What is 1335421 (base 12) in base 3?
21011021000021
Convert 12727 (base 10) to base 16.
31b7
bb4849 (base 14) to base 8
30164621
-3343451 (base 9) to base 6
-102330331
What is -75658 (base 10) in base 16?
-1278a
Convert -11000101121 (base 3) to base 4.
-103102222
-320230033 (base 4) to base 8
-705417
Convert 210200100 (base 5) to base 7.
10233522
What is -2d8447 (base 14) in base 10?
-1597855
2c9c1 (base 13) to base 7
503202
Convert 5150321 (base 6) to base 15.
4d5a7
Convert 66885 (base 11) to base 5.
11100033
100011000100100010 (base 2) to base 4
203010202
Convert -1122421431 (base 5) to base 11.
-1489306
What is -1024556 (base 7) in base 12?
-5b9a5
What is -2023133303 (base 4) in base 10?
-571379
What is -1040133001 (base 5) in base 16?
-22a719
What is 13164016 (base 8) in base 10?
2942990
What is 10c8b5 (base 16) in base 2?
100001100100010110101
Convert -2553053 (base 6) to base 10.
-139353
Convert -111223011213 (base 4) to base 8.
-25530547
Convert -111110000110110100111 (base 2) to base 13.
-563410
-452db (base 15) to base 10
-220031
What is 32403131 (base 5) in base 8?
1040015
-222175 (base 9) to base 11
-90882
Convert 435060 (base 11) to base 15.
dad33
Convert 303012331 (base 4) to base 16.
331bd
Convert -4233512 (base 6) to base 16.
-32834
What is 587dab (base 14) in base 4?
23200321303
-2110020002002 (base 3) to base 6
-43534432
Convert 1110051 (base 8) to base 10.
299049
Convert -41251 (base 10) to base 12.
-1ba57
Convert 513ba (base 14) to base 3.
100221021120
Convert 11214024311 (base 5) to base 12.
42982a0
What is 333333113 (base 4) in base 12?
10781b
-13153021 (base 6) to base 4
-1222022011
What is 5431321 (base 7) in base 3?
1020200201021
-100020 (base 3) to base 16
-f9
Convert 2012203001 (base 4) to base 3.
1000222222022
22120000200 (base 3) to base 9
276020
Convert -527561 (base 12) to base 13.
-366073
16d0 (base 16) to base 13
2873
1766c9 (base 14) to base 5
202341203
What is -352501023 (base 6) in base 3?
-110100211122120
-300100001 (base 4) to base 16
-30401
Convert 4127420 (base 9) to base 13.
5c1b9a
Convert -5650301 (base 9) to base 3.
-12201200100001
-100011000011001101100 (base 2) to base 8
-4303154
Convert -110111101101001101011 (base 2) to base 11.
-1037493
-3254756 (base 8) to base 11
-548436
What is -1212020200 (base 4) in base 8?
-1461040
1323023222 (base 4) to base 14
d1c38
Convert -198a613 (base 11) to base 2.
-1100110010011010000110
1608 (base 12) to base 2
101000101000
-304859 (base 10) to base 6
-10311215
-202b07 (base 14) to base 13
-2bc109
What is -1103002103 (base 4) in base 9?
-567485
What is -144894 (base 10) in base 15?
-2cde9
What is -46198 (base 10) in base 7?
-251455
What is -13125456 (base 7) in base 5?
-301400201
-11042256 (base 7) to base 5
-220422441
Convert -322130331 (base 4) to base 15.
-4ae16
Convert 322312100 (base 4) to base 13.
85937
What is 5031113 (base 6) in base 12?
b5499
What is -27356 (base 9) in base 14?
-6a6b
What is -1473151 (base 8) in base 4?
-1213121221
Convert 111011110110000111 (base 2) to base 4.
323312013
What is 23506601 (base 7) in base 2?
111111101011000010101
What is 66341033 (base 7) in base 3?
101201222021112
Convert -232220033 (base 4) to base 14.
-4d863
Convert 2022431211 (base 5) to base 16.
3eb012
212120120 (base 4) to base 10
157208
1426610 (base 9) to base 5
200120003
Convert -241210420 (base 5) to base 4.
-10100203020
-4079784 (base 10) to base 11
-2337225
b0217 (base 13) to base 4
1030302201
Convert 454980 (base 11) to base 12.
2aab1a
What is -6584787 (base 9) in base 14?
-6820cd
What is 2100212202000 (base 3) in base 8?
4627570
What is -3013013112 (base 4) in base 14?
-173314
12121122222 (base 3) to base 4
122333210
What is 21200202022 (base 3) in base 16?
24f9b
Convert 111201122111 (base 3) to base 16.
41f7a
What is -303104 (base 5) in base 9?
-14365
Convert 11600552 (base 9) to base 14.
a7803a
What is -315445 (base 9) in base 15?
-3a948
What is 66412335 (base 7) in base 5?
2430431030
What is ab37c (base 16) in base 7?
5650426
15154217 (base 8) to base 15
486276
Convert -234302031 (base 6) to base 7.
-52323343
What is -5337210 (base 8) in base 5?
-331100112
-126a1 (base 12) to base 8
-61131
Convert -122003120 (base 4) to base 8.
-320330
-100202100011 (base 3) to base 13
-694c3
512004 (base 7) to base 13
30870
1422551 (base 6) to base 14
21735
Convert -11551132 (base 7) to base 12.
-4205a7
-5a9342 (base 16) to base 12
-1ba3196
Convert -21335030 (base 9) to base 11.
-58a3a50
What is 30005225 (base 6) in base 10?
840977
22110110000122 (base 3) to base 2
10001001001110001101001
What is -47a278 (base 14) in base 12?
-9a0902
123323202320 (base 4) to base 9
14688535
Convert 618599 (base 10) to base 11.
392843
What is 332612 (base 9) in base 4?
300202001
What is -112333302202 (base 4) in base 2?
-10110111111110010100010
Convert -47822 (base 11) to base 9.
-114425
Convert -356897 (base 13) to base 4.
-10312120232
What is -11001011101101111 (base 2) in base 16?
-1976f
What is 627587 (base 11) in base 6?
33315325
373cd (base 14) to base 7
1102146
What is -11672200 (base 8) in base 15?
-36121d
9ac441 (base 13) to base 5
1413414330
What is 440302432 (base 5) in base 10?
1884742
-3002111020 (base 4) to base 15
-10aca1
What is 2110100121100 (base 3) in base 5?
313243310
Convert -299ac6 (base 13) to base 12.
-413010
What is -225120300 (base 6) in base 15?
-573690
24650200 (base 8) to base 11
309a284
26c752 (base 15) to base 2
111000111001111001100
Convert 11110100100010100100010 (base 2) to base 13.
1877397
Convert -21230202 (base 5) to base 13.
-63c52
What is 40301020 (base 6) in base 5?
243041200
Convert -167605 (base 10) to base 5.
-20330410
What is 11010001101100110 (base 2) in base 5?
11413431
Convert -5344154 (base 9) to base 7.
-33224545
Convert 313221031 (base 5) to base 15.
1ab7cb
15845680 (base 10) to base 12
5381b54
-1393a1 (base 11) to base 6
-4354335
What is 136327 (base 9) in base 8?
242656
5134436 (base 9) to base 7
32166015
What is -2313232003 (base 4) in base 9?
-1366227
Convert -174a4b2 (base 12) to base 2.
-10010011010111001000110
-3025 (base 10) to base 8
-5721
Convert -27885 (base 11) to base 13.
-1508a
What is -104200431 (base 5) in base 14?
-bd64b
Convert -38373 (base 14) to base 10.
-137889
777323 (base 12) to base 10
1899531
283620 (base 10) to base 3
112102001110
-280007 (base 9) to base 10
-170593
What is -19cbcba (base 13) in base 11?
-4901408
1341424 (base 9) to base 12
2b5a57
Convert -320311511 (base 6) to base 15.
-761467
Convert -10010011001100010111 (base 2) to base 3.
-1010122000202
Convert -105426 (base 7) to base 13.
-86b5
9298a (base 11) to base 3
20220000220
Convert -3674122 (base 10) to base 7.
-43141504
What is 16a91 (base 15) in base 7?
423406
100011100010010010110 (base 2) to base 14
224502
What is 20201202111 (base 3) in base 8?
402626
What is -419a557 (base 11) in base 12?
-2586469
What is -23020113 (base 5) in base 2?
-110001111001111000
5eae8 (base 15) to base 12
12730b
2016523 (base 8) to base 16
81d53
-4c4bb (base 14) to base 4
-231302111
313223111 (base 4) to base 3
102120211102
What is 420c8 (base 16) in base 11?
175292
Convert 1000001000101110100 (base 2) to base 11.
172345
Convert -375714 (base 12) to base 7.
-10442506
What is 35aba (base 16) in base 3?
102011120000
Convert 15567310 (base 8) to base 2.
1101101110111011001000
-20012323202 (base 4) to base 10
-2125538
2917 (base 12) to base 7
16624
What is -4309011 (base 10) in base 13?
-b7b415
10002302032 (base 4) to base 15
15e107
Convert 4415212 (base 9) to base 6.
122503015
What is 16115 (base 16) in base 14?
24d25
What is 4501350 (base 9) in base 8?
11172412
Conv